nds digit of y?
7
Let g = 58426 + -25563. What is the units digit of g?
3
Suppose 224*w - 174*w = 402150. What is the units digit of w?
3
Suppose 5*s = -2*a + 3616, -2*a - 410 + 1130 = s. Suppose -2*x - 2*z = -1020, 3*x + s - 2238 = 5*z. What is the units digit of x?
8
Let n(t) = 398*t + 6269. What is the units digit of n(52)?
5
Suppose 0 = -7*y + 13*y - 30. What is the hundreds digit of 1160/y + -4 - -1?
2
Let w be 30*((-112)/35 - -4). Suppose w*d - 17*d = 3451. What is the units digit of d?
3
Let h = -383 - -3892. What is the thousands digit of h?
3
Suppose -t - 3*x + 34897 = 3*t, -5*x = 2*t - 17431. What is the hundreds digit of t?
7
Let j(t) = 2*t - 15. Let s be j(4). Let a(g) = -38*g + 57 - 37 - 3*g. What is the tens digit of a(s)?
0
Let o(m) = 1319*m + 1721. What is the tens digit of o(6)?
3
Let s be 4098/4*(-22)/33. Let q = 986 + s. What is the tens digit of q?
0
Let l(f) = -2*f**2 + 3*f**2 + 16*f - 106 + 114 + f**2. Let d be l(-7). Let z(n) = 3*n**2 - n - 6. What is the units digit of z(d)?
8
Let r(n) = -n**3 + 14*n**2 - 24*n - 20. Let b be r(7). Let c = 708 - b. What is the hundreds digit of c?
5
Let s = 47 - 196. Let i = s - -148. What is the hundreds digit of ((-2)/6*i)/((-16)/(-11568))?
2
Suppose 5*z = 5*o + 41520, -18*z + 2*o - 41534 = -23*z. What is the thousands digit of z?
8
Let s be 608708/28 - 5 - 9/(-21). Suppose -20*q - 3*q = -s. What is the hundreds digit of q?
9
Let j = -289 + 292. What is the hundreds digit of 920/j + (-88)/(-66)?
3
Suppose -2*q = 4, 27*c - 4*q + 1032 = 32*c. Let s(h) = -11*h - 5. Let u be s(-7). Suppose 4*k = u + c. What is the tens digit of k?
7
Let x(c) = 103*c**3 - 4*c**2 - 4*c + 32. Let y be x(3). What is the units digit of ((-6)/7)/((-10)/y)?
7
Suppose 2*i + 2*t = 3214, 20*i - 16*i - 6449 = 3*t. Suppose 2*h - 3*h = 5*j - i, 3*h + 1269 = 4*j. What is the tens digit of j?
2
Suppose 2*y = -2*t + 105480, 5*t - 181*y + 183*y = 263697. What is the ten thousands digit of t?
5
Let y(q) = q**2 + 42*q + 93. Let t(c) = 2*c**2 + 85*c + 188. Let u(w) = -2*t(w) + 5*y(w). What is the tens digit of u(-41)?
3
Let t be (-14)/7*433/(-2). Let n = t - -109. What is the hundreds digit of n?
5
Let a(s) = -2*s**2 + s - 12. Let g(u) = u**2 + 2*u - 4. Let y(v) = v - 1. Let n(c) = g(c) - 3*y(c). Let m(z) = a(z) + 6*n(z). What is the units digit of m(-5)?
7
Let l(r) = -117*r. Let u be l(-2). Let h be 4/(-22) + (-449955)/(-1089). Let o = h - u. What is the tens digit of o?
7
Let j(h) = 587*h - 7589. What is the hundreds digit of j(23)?
9
Suppose -5*c + 5*l - 2*l = -15, 0 = 3*c - 3*l - 15. Let m(j) = c - 23 + 10 + 5*j**2 - 4*j. What is the tens digit of m(5)?
9
Let q = -21834 + 56005. What is the tens digit of q?
7
What is the hundreds digit of (1 + 4)*1 - ((-1210)/22 + -29299)?
3
Let l(f) = 513*f**3 + 7*f**2 + f - 36. What is the hundreds digit of l(4)?
9
What is the tens digit of (-214)/(63/(-5964)*(-6)/(-9))?
8
Let x = -28 + 37. Let k(f) = -f**2 - f - 11. Let w be k(x). Let g = -64 - w. What is the tens digit of g?
3
Let s = 16218 + -8653. Suppose -13*l + 8*l + s = 0. What is the units digit of l?
3
Let a = -80668 - -120611. What is the tens digit of a?
4
Let h be -3 + (-6)/(-1) + 0. Suppose -d - h - 6 = -5*i, 4*d = i - 17. Let n = i - -9. What is the units digit of n?
0
Suppose -2543 = -3*w + 4*f + 3962, 5*w = -5*f + 10830. Suppose -1303 = -o - 2*o + h, 5*o - w = -3*h. What is the hundreds digit of o?
4
Let l = -4127 - -2088. Let k = 3146 + l. What is the tens digit of k?
0
Let v be (6/(-4))/((-6)/8). Suppose v*z = -0*z + 36. What is the tens digit of (-500)/6*z/(-12)?
2
Let u be ((2 - 10) + 12)/(2/248). Suppose 3*p + p = u. Suppose -7*k + 6*k = -p. What is the hundreds digit of k?
1
Suppose 1 = j - 0. Suppose 0 = -s + 2*n + 13, -s + j = 3*n - 2*n. Suppose -s*m - 4*h + 235 = h, -5*m + 2*h = -242. What is the tens digit of m?
4
Suppose -34*t - 56*t = -412830. What is the tens digit of t?
8
Let w = 14 + -19. Let b = 415 - 309. What is the units digit of (b/w + -2)/(24/(-60))?
8
Let q(x) = -11*x**2 + 2. Let y be q(-1). What is the tens digit of (y/6 + 1)/((-12)/2136)?
8
Suppose 0 = -8*a - 10*a + 15*a. Let u(l) = -l**3 + l**2 - 9*l + 270. What is the units digit of u(a)?
0
Let v(h) = -h**3 + 9*h**2 + 8*h - 3. Let d be v(9). Suppose d - 1919 = -5*s. What is the units digit of s?
0
Let d = -156231 - -237834. What is the hundreds digit of d?
6
What is the hundreds digit of (((-24611)/(-3))/(56/(-6) + 9))/(-1)?
6
Let t(a) = -106*a + 21. Suppose 3*z - 27 = 5*i, 6*z - 11*z + 26 = -2*i. What is the tens digit of t(i)?
3
Let q(u) = 72*u**2. Let d be q(-6). Suppose 5*h + 462 = d. Suppose 3*x + 0*x - h = 0. What is the tens digit of x?
4
What is the tens digit of ((-43250)/(-40))/((-200)/(-350) + 242/(-448))?
0
Suppose -2*f = 8, 5*k - 9*k = 5*f - 18276. What is the tens digit of k?
7
Let f(v) = v**2 + 8*v - 8. Let o be f(-6). What is the units digit of o/(-50)*(4435 - -5)?
6
Let r(d) = -2*d**3 - 5*d**2 - 1. Let t be r(-4). Let v = t + -42. Suppose -13 = -y - v*f + 6, f + 139 = 4*y. What is the tens digit of y?
3
Let h(f) = -177*f + 44. Let z be h(-4). Suppose 19*i + z = 23*i. What is the units digit of i?
8
Let s = -2308 + 2481. What is the tens digit of s?
7
Suppose -1965547 + 69429 = -53*t + 212063. What is the tens digit of t?
7
Suppose k + 5*c - 3609 - 1668 = 0, -3*c = -2*k + 10528. What is the tens digit of k?
6
Let w = -75 + 129. Suppose -g - 29 = -h, -h - 7*g = 2*g + 11. Suppose -h*d + w = -24*d. What is the tens digit of d?
5
Suppose 0 = -2*c + 5*j - 38, 2*j + 49 + 3 = -4*c. What is the hundreds digit of (-5286)/c - 8/14?
3
Let g = 8450 - 3087. What is the units digit of g/31*(5 + 0)?
5
Let a = -236 - -156. Let d be 0/(-4) + 314/(-2). Let p = a - d. What is the units digit of p?
7
Let c = -371 + 885. Let n = 871 - c. What is the hundreds digit of n?
3
Suppose -11 = 6*u - 11. Suppose -5*o - 4*r + 31 = u, 3*o - 5*r - 40 = -2*o. Suppose -2*h + o*h = 120. What is the tens digit of h?
2
Suppose -130*j + 1019067 = -131638 - 301785. What is the ten thousands digit of j?
1
Let g = -8098 - -19356. What is the thousands digit of g?
1
Suppose i = -3*i - 0*i. Suppose -5*m - k + 394 = i, 5*k = -3*m - 123 + 377. Suppose m*c - 15 = 75*c. What is the units digit of c?
5
Suppose 35*h = 33*h + 538. Let l = h + -154. Suppose -2*k - 3*a = -l, -5*k + 5*a + 235 = 2*a. What is the tens digit of k?
5
Let y be (6 + -5 + 0)*(9 + -2). Suppose 4*z - 33 = -y*z. What is the hundreds digit of z*((-755)/15)/(-1)?
1
Let k(m) = -m**3 - 3*m**2 - 11*m - 12. Suppose -7 = -3*n - 19, 0 = 5*i + 2*n + 38. Let s be k(i). Suppose 2*p + 16 = s. What is the tens digit of p?
7
What is the ten thousands digit of ((12 - 8) + 11)/((-7072)/7075 - -1)?
3
Suppose 5*x + 4*h + 7 = 0, 7 = -5*x - 3*h + 3. What is the units digit of x/(9/2406) - 10/(-15)?
8
Let n(p) = -p**3 + 26*p**2 + 26*p + 110. Let o be n(26). Suppose 4*s - 3200 = -0*s - 2*k, 0 = -s + 3*k + o. What is the hundreds digit of s?
7
Suppose 4*v - 4*c = 20, 0 = -4*v + 3*v - 3*c + 1. Suppose 13*k = -v*k + 2193. What is the units digit of k?
9
What is the units digit of (-48810)/(-2) - (119*(-8)/(-56) + -10)?
8
Let j(z) = 947*z + 4. Let b be j(-1). Let u = 41 - b. What is the tens digit of u?
8
Suppose -8*z + 3*z - 10 = 0. Let n be (55/(-15) + 3)/(2/(-120)). Let l = n + z. What is the units digit of l?
8
Let h = 877 - 876. What is the thousands digit of ((-222)/(-90))/(h/5)*138?
1
Let c(h) = -33*h**2 + 6*h + 3. Let y be c(-1). What is the hundreds digit of 500/y + 14 + (-19006)/(-18)?
0
Suppose -14*k + 94622 = -56494. What is the hundreds digit of k?
7
Let y = -49 + 49. Suppose 0 = 2*o - f + 2*f + 64, 4*o - 4*f + 104 = y. Let z = o - -68. What is the tens digit of z?
3
Let p be 12/8*((-20)/3)/(-5). Suppose 0 = -3*u - 3*x + 225, p*u = x - 87 + 252. What is the tens digit of u?
8
Suppose -3*h = 2*q - 17682 + 480, q - 8579 = 4*h. What is the hundreds digit of q?
5
Let r = 9660 + -9711. Let p be (-21)/((-6)/(-28) - 0). Let f = r - p. What is the units digit of f?
7
Suppose -2*r - 2 = 0, 4*a + 13*r = 8*r + 7. Suppose m + a*m = 1396. What is the units digit of m?
9
Suppose k - 7503 = -2*p + 902, 4*p = k - 8435. What is the hundreds digit of k?
4
Suppose -2*s = -7*s + 40. Let c(f) = -f**3 + 6*f**2 - 7*f - 2. Let d(z) = -z**3 